{"id":164,"date":"2025-03-02T20:39:40","date_gmt":"2025-03-03T01:39:40","guid":{"rendered":"https:\/\/www.fecont.com\/noticias\/?post_type=tribe_events&#038;p=164"},"modified":"2026-03-02T21:13:45","modified_gmt":"2026-03-03T02:13:45","slug":"capacitacion-actualizacion-tributaria-y-regimen-simple-de-tributacion-2025","status":"publish","type":"tribe_events","link":"https:\/\/www.fecont.com\/noticias\/event\/capacitacion-actualizacion-tributaria-y-regimen-simple-de-tributacion-2025\/","title":{"rendered":"Capacitaci\u00f3n &#8211; Actualizaci\u00f3n tributaria y regimen simple de tributaci\u00f3n 2025"},"content":{"rendered":"<p><img loading=\"lazy\" decoding=\"async\" class=\"aligncenter wp-image-161 size-large\" src=\"http:\/\/www.fecont.com\/noticias\/wp-content\/uploads\/2025\/03\/WhatsApp-Image-2025-03-01-at-5.06.19-PM-819x1024.jpeg\" alt=\"\" width=\"640\" height=\"800\" srcset=\"https:\/\/www.fecont.com\/noticias\/wp-content\/uploads\/2025\/03\/WhatsApp-Image-2025-03-01-at-5.06.19-PM-819x1024.jpeg 819w, https:\/\/www.fecont.com\/noticias\/wp-content\/uploads\/2025\/03\/WhatsApp-Image-2025-03-01-at-5.06.19-PM-240x300.jpeg 240w, https:\/\/www.fecont.com\/noticias\/wp-content\/uploads\/2025\/03\/WhatsApp-Image-2025-03-01-at-5.06.19-PM-768x960.jpeg 768w, https:\/\/www.fecont.com\/noticias\/wp-content\/uploads\/2025\/03\/WhatsApp-Image-2025-03-01-at-5.06.19-PM.jpeg 1080w\" sizes=\"auto, (max-width: 640px) 100vw, 640px\" \/><\/p>\n<p>\u00a1El conocimiento es poder y en 2025 las reglas tributarias evolucionan! No te quedes atr\u00e1s y prep\u00e1rate con la mejor capacitaci\u00f3n sobre Actualizaci\u00f3n Tributaria y R\u00e9gimen Simple de Tributaci\u00f3n organizada por FECONT.<\/p>\n<p>Fecha: 12 de marzo<br \/>\nHora: 6:00 PM \u2013 9:00 PM<br \/>\nModalidad: 100% virtual v\u00eda Zoom<br \/>\nCapacitador: Gerson Anduquia, C.P Mag\u00edster en Tributaci\u00f3n, con m\u00e1s de 10 a\u00f1os de experiencia formando expertos.<\/p>\n<p>Inversi\u00f3n:<br \/>\nAsociados: $80.000<br \/>\nInvitados: $110.000<br \/>\nBeneficio exclusivo: 10% de descuento si pagas antes del 7 de marzo o si invitas a 2 colegas.<\/p>\n<p>\u00a1Prep\u00e1rate para tomar decisiones estrat\u00e9gicas y evitar sanciones en 2025! Esta es tu oportunidad de actualizarte con expertos y asegurar tu ventaja competitiva en el \u00e1mbito tributario.<\/p>\n<p>M\u00e1s informaci\u00f3n e inscripciones:<\/p>\n<p>+57 311 4893635<br \/>\nfdoFecont@gmail.com<\/p>\n<p>\u00a1Cupos limitados! Asegura tu participaci\u00f3n hoy mismo.<\/p>\n","protected":false},"excerpt":{"rendered":"<p>\u00a1El conocimiento es poder y en 2025 las reglas tributarias evolucionan! No te quedes atr\u00e1s y prep\u00e1rate con la mejor capacitaci\u00f3n sobre Actualizaci\u00f3n Tributaria y R\u00e9gimen Simple de Tributaci\u00f3n organizada [&hellip;]<\/p>\n","protected":false},"author":1,"featured_media":0,"template":"","meta":{"_tribe_events_status":"","_tribe_events_status_reason":"","footnotes":""},"tags":[],"tribe_events_cat":[],"class_list":["post-164","tribe_events","type-tribe_events","status-publish","hentry"],"_links":{"self":[{"href":"https:\/\/www.fecont.com\/noticias\/wp-json\/wp\/v2\/tribe_events\/164","targetHints":{"allow":["GET"]}}],"collection":[{"href":"https:\/\/www.fecont.com\/noticias\/wp-json\/wp\/v2\/tribe_events"}],"about":[{"href":"https:\/\/www.fecont.com\/noticias\/wp-json\/wp\/v2\/types\/tribe_events"}],"author":[{"embeddable":true,"href":"https:\/\/www.fecont.com\/noticias\/wp-json\/wp\/v2\/users\/1"}],"version-history":[{"count":1,"href":"https:\/\/www.fecont.com\/noticias\/wp-json\/wp\/v2\/tribe_events\/164\/revisions"}],"predecessor-version":[{"id":174,"href":"https:\/\/www.fecont.com\/noticias\/wp-json\/wp\/v2\/tribe_events\/164\/revisions\/174"}],"wp:attachment":[{"href":"https:\/\/www.fecont.com\/noticias\/wp-json\/wp\/v2\/media?parent=164"}],"wp:term":[{"taxonomy":"post_tag","embeddable":true,"href":"https:\/\/www.fecont.com\/noticias\/wp-json\/wp\/v2\/tags?post=164"},{"taxonomy":"tribe_events_cat","embeddable":true,"href":"https:\/\/www.fecont.com\/noticias\/wp-json\/wp\/v2\/tribe_events_cat?post=164"}],"curies":[{"name":"wp","href":"https:\/\/api.w.org\/{rel}","templated":true}]}}

Capacitación &#8211; Actualización tributaria y regimen simple de tributación 2025

<p><img loading="lazy" decoding="async" class="aligncenter wp-image-161 size-large" src="http://www.fecont.com/noticias/wp-content/uploads/2025/03/WhatsApp-Image-2025-03-01-at-5.06.19-PM-819x1024.jpeg" alt="" width="640" height="800" srcset="https://www.fecont.com/noticias/wp-content/uploads/2025/03/WhatsApp-Image-2025-03-01-at-5.06.19-PM-819x1024.jpeg 819w, https://www.fecont.com/noticias/wp-content/uploads/2025/03/WhatsApp-Image-2025-03-01-at-5.06.19-PM-240x300.jpeg 240w, https://www.fecont.com/noticias/wp-content/uploads/2025/03/WhatsApp-Image-2025-03-01-at-5.06.19-PM-768x960.jpeg 768w, https://www.fecont.com/noticias/wp-content/uploads/2025/03/WhatsApp-Image-2025-03-01-at-5.06.19-PM.jpeg 1080w" sizes="auto, (max-width: 640px) 100vw, 640px" /></p>
<p>¡El conocimiento es poder y en 2025 las reglas tributarias evolucionan! No te quedes atrás y prepárate con la mejor capacitación sobre Actualización Tributaria y Régimen Simple de Tributación organizada por FECONT.</p>
<p>Fecha: 12 de marzo<br />
Hora: 6:00 PM – 9:00 PM<br />
Modalidad: 100% virtual vía Zoom<br />
Capacitador: Gerson Anduquia, C.P Magíster en Tributación, con más de 10 años de experiencia formando expertos.</p>
<p>Inversión:<br />
Asociados: $80.000<br />
Invitados: $110.000<br />
Beneficio exclusivo: 10% de descuento si pagas antes del 7 de marzo o si invitas a 2 colegas.</p>
<p>¡Prepárate para tomar decisiones estratégicas y evitar sanciones en 2025! Esta es tu oportunidad de actualizarte con expertos y asegurar tu ventaja competitiva en el ámbito tributario.</p>
<p>Más información e inscripciones:</p>
<p>+57 311 4893635<br />
fdoFecont@gmail.com</p>
<p>¡Cupos limitados! Asegura tu participación hoy mismo.</p>

<p>¡El conocimiento es poder y en 2025 las reglas tributarias evolucionan! No te quedes atrás y prepárate con la mejor capacitación sobre Actualización Tributaria y Régimen Simple de Tributación organizada [&hellip;]</p>
